-178)/r)/(4/4) a prime number?
True
Is 87/2*(-23875494)/(-1899) composite?
True
Is (-63)/7 - (-229838 - -12) a composite number?
True
Suppose -s + 12457 - 2228 = 0. Suppose 0 = x + 5*g - s, 0*x + 3*g = 5*x - 51257. Is x a prime number?
False
Let h be (-1)/((-142)/141*1 + 1). Let c = h + 2314. Is c a composite number?
True
Suppose 0 = -0*d + 3*d + 3, -4*d + 6 = 5*q. Suppose 3*i + 1017 = 3*m, -4*m + q*m + i = -673. Suppose 3*u + 3*z - 302 = -z, 3*u - 4*z = m. Is u a prime number?
False
Let w(u) = 3*u**2 + 9*u - 7. Let g be w(-12). Let q = 1374 - g. Is q composite?
True
Suppose -3*h = 6, -s - 6*h = -11*h - 851. Is s a prime number?
False
Let h be 5 - 2 - ((-8)/2 + 4). Suppose 0 = y - m - h, 5*y + m - 7 = 4*y. Suppose -5*b + 3*u = -4343, -y*b - 3*u = 725 - 5092. Is b prime?
False
Suppose 2*q + 523 - 28901 = 0. Let r = 23496 - q. Is r a composite number?
True
Suppose -954 = -2*x - 192. Let o = 418 - x. Is o a composite number?
False
Let h be ((-37)/13 - (-6)/(-39))*23. Let b = h + 67. Is 2*b*6666/(-24) a composite number?
True
Let t(n) = -n**2 - n + 3. Let f = -76 - -76. Let i be t(f). Suppose i*q + 1605 = 2*a, -4*q - 320 = -a + 475. Is a a composite number?
True
Is 9 + (1 - (-26205 - -6)) composite?
False
Suppose 16*q - 9 = 19*q. Let l be (2 + -2 + 8)/(q/3). Let s(d) = d**3 + 12*d**2 + 10*d - 19. Is s(l) a composite number?
False
Let u(n) = 21872*n**2 + 5*n - 33. Is u(4) a prime number?
True
Let k be (-2 - 0)/10 + (-54)/5. Suppose -544 = 2*w - 2*b, w = 5*w + 5*b + 1070. Let q = k - w. Is q prime?
False
Suppose 2*o = -1 + 9. Suppose -o*v + 6 = -6. Is (-2)/(-2) + 151 - v a composite number?
False
Suppose 5*u - 2345306 = -h, 5*h = -10*u + 15*u - 2345300. Is u a prime number?
False
Suppose 2*v = h - 278, -8*v + 6*v = 0. Let r = 345 + h. Is r composite?
True
Let i = 692488 + -426155. Is i a prime number?
True
Let d(i) = 195219*i - 15280. Is d(9) composite?
True
Suppose 65*s - 55*s + 36*s = 14046974. Is s a prime number?
True
Let s = -93 - -42. Let m be 4/6 + 4 + s/9. Is 453 + m - (1 + -3) a composite number?
True
Let p be (51/(-2))/(6/(-4)). Suppose -29 = -h - p. Suppose -5*k = -h*k + 2303. Is k composite?
True
Let b(y) = -4*y**2 - 18*y + 147. Let c be b(6). Is (309 - (3 - 1))/((-15)/c) a prime number?
False
Let a(y) = 7*y + 137. Let o be a(-19). Suppose 3*m - 2 = 1, -2*j = o*m - 1286. Is j composite?
False
Let f(a) = 2486*a**2 + 1035*a + 7284. Is f(-7) a prime number?
True
Suppose -62*f - 247857547 - 29799026 = -333*f. Is f prime?
False
Suppose 9*d - 12*d = 2*u - 48125, 5*d - 2*u - 80187 = 0. Is d composite?
True
Let h(a) = -139*a**2 - 2*a - 3. Let b be h(-2). Let o be (-2)/2*(-1092 + -1). Let g = o + b. Is g a composite number?
True
Let m = -5266 + 32712. Is m a prime number?
False
Let n(m) = -4*m - 34. Let d be n(-13). Suppose w - d = -5*w. Is (1/w)/((-3)/(-17541)) composite?
False
Is (-2 + 1 - 4)*1 + 22 + 8842 a composite number?
True
Suppose 420*v + 2970100 = 424*v. Suppose -20*c - 224945 = -v. Is c a prime number?
False
Suppose -5*k + 535 = -3*i, -4*k = k - 5*i - 535. Let j = 2670 + k. Is j a prime number?
True
Suppose -5*r = 5*f + 5040, f - 2*f - 2*r - 1011 = 0. Let z = 2664 - 2663. Is (7/((-21)/f))/z composite?
True
Suppose 299*g + 1487905 = 304*g. Is g composite?
False
Suppose 111*m - 6500746 + 1201993 = 1666386. Is m a prime number?
False
Suppose -7*r + 10*r = 2634. Suppose -o = r - 4129. Is o a prime number?
True
Let g(i) = 2950*i + 14. Let b(a) = 6*a + 1. Let h(u) = 3*b(u) - g(u). Is h(-1) prime?
False
Let h(t) = t**2 - 26*t + 29. Let w be h(21). Let n = 82 + w. Is 4774/n - 4/(-3) a prime number?
True
Let f(t) = 16 + t**3 - 5*t + 2*t**2 + t**3 - 11. Let a be f(-10). Let m = a - -2959. Is m a prime number?
False
Suppose -b = -0*b + 581. Let m = 1500 + b. Is m a prime number?
True
Let x = 32 - 27. Suppose -4 - 6 = -x*y. Suppose 2*w - 728 = -s, y*w - 3*s = 5*w - 1089. Is w composite?
True
Let o = -291103 - -174497. Is o/21*(-8 + 5) prime?
False
Let w(c) = 2935*c**2 + 7*c - 6. Let t be w(1). Suppose 0 = o - 4*r + 23 - 1516, 2*o + 2*r = t. Is o a prime number?
False
Let b be -2 - -6 - (0 + 1). Let n be b*(-2 + 3) - -10. Let g(k) = 2*k**2 + 12*k - 13. Is g(n) prime?
False
Suppose 0 = -38*u + 25*u + 65. Suppose -6*q = -4*a - 3*q + 100295, -u*q - 5 = 0. Is a composite?
False
Suppose 44*j - 5375 = 39*j. Let u = j + -2. Is u prime?
False
Let d(y) be the third derivative of -2*y**9/945 + y**8/5040 + y**6/720 + 9*y**5/20 - y**2. Let v(w) be the third derivative of d(w). Is v(-3) a prime number?
False
Let q(o) = o**3 - 9*o**2 - 12*o - 4. Let g be q(10). Let w(c) = -93*c + 185. Is w(g) composite?
False
Suppose 3 + 2 = -2*k + u, -4*k - 4*u = -20. Suppose -3*d - i + 704 = 99, d + 4*i - 198 = k. Suppose 5*p = 3*t - 891 - d, -p = -4. Is t prime?
False
Let h(r) = -3*r + 23. Let b be h(9). Suppose t + 4*f - 5 = 0, -3*t - 4*f + 15 = -5*f. Is t/((-40)/(-10068)) + (-2)/b a prime number?
True
Suppose 7*y + 15*y + 1746470 = 0. Is y*-3*(3 - (-88)/(-30)) composite?
False
Suppose 0*u = -4*u + y + 246, -120 = -2*u - y. Let j = 64 - u. Suppose -j*m + 1119 = 5*s, -2*s = -s. Is m a composite number?
False
Let x(b) = -55*b**3 - 6*b**2 + 21*b + 1. Suppose 7 = -3*i - 11. Is x(i) prime?
False
Suppose -7*w + 9 + 5 = 0, 0 = -k - 4*w + 115821. Is k composite?
True
Suppose 4900418 + 3647484 = 22*a. Is a composite?
False
Let n = -833 - -838. Suppose n*i = 4*u + 28765, -4*i + 4*u - 500 = -23516. Is i composite?
False
Suppose -4*l - 3*x + 323548 = 0, -4*x = -5*l + 448709 - 44274. Is l prime?
False
Suppose -5*y + 2*b + 10 = -y, -2*b = 2*y - 14. Suppose 7*x = y*x + 8763. Is x a composite number?
True
Let u(w) = 154*w + 24. Let p be u(6). Suppose p = 2*q - 5*s, 0 = -4*q - 3*s - 0*s + 1870. Is q a composite number?
True
Suppose 2*m = 3*g - 10036 - 31529, -2*g - 4*m + 27694 = 0. Is g a composite number?
True
Is (12/8)/((-51)/(-1576682)) a composite number?
True
Let o = -94 + -268. Let f be o*((-7)/2 - -3). Suppose 108 = a - f. Is a a composite number?
True
Suppose 16*v + 152768 = 23*v. Let u = v - 12655. Is u a composite number?
True
Let i = 334 + -331. Let b = -24888 + 44348. Is (i + 1)*b/80 composite?
True
Let l = -993 + 1852. Let r = l + -506. Is r a composite number?
False
Suppose 5*d - 2078081 = 4*h, -54*d + 53*d = -22*h - 415701. Is d a prime number?
False
Let b(g) = 12987*g**3 + 2*g**2 - 12*g + 3. Let r be b(2). Suppose 649963 = 32*c + r. Is c a prime number?
False
Suppose 50*c - 20 = 45*c. Suppose 3*w - 7*g + 4*g = 6873, g + 9164 = c*w. Is w a prime number?
False
Suppose -2*j - 160683 = -y, -3*j = -y + 116413 + 124612. Let n = -48513 - j. Is n composite?
True
Suppose 0*m + 5*m - 20 = 0. Let a be ((-115)/(-10))/(2/m). Is (265 - 0) + (21 - a) a composite number?
False
Is (-4)/6*((-10718442)/(-4))/(-21) a prime number?
False
Let s(r) = -909*r**3 + 3*r**2 - 1. Suppose -j - 12 - 10 = 5*f, 0 = 5*f + 20. Let x be s(j). Suppose 13*t - 1778 = x. Is t a prime number?
False
Let x be (-3)/1 + 12 + -5. Suppose 2*u = x*y + 7614, -4*y - 19005 = -4*u - u. Is u composite?
False
Let h be (1 - -15) + (-4 - 0). Suppose -3*n = h, 2*w + 3*w = n + 14. Suppose -q - w*g + 305 = 0, 42 - 338 = -q + g. Is q a prime number?
False
Let v(a) = 490*a**3 + a**2 - 8*a + 48. Is v(5) a prime number?
True
Suppose 171*n = 1902200 + 29539741. Is n composite?
False
Suppose -128 + 1975 = -2*i - 3*c, 0 = -i - 4*c - 921. Let z = -1746 - i. Let h = z - -1232. Is h prime?
False
Suppose 4*d - 245 = -3*d. Let q = d - 11. Suppose 27*h - q*h = 2553. Is h prime?
False
Let p = 63330 + -34943. Is p a prime number?
True
Let v(b) = 4*b**3 - 6*b**2 + 3*b + 180. Let s(a) = a**3 - a**2 + a - 1. Let w(x) = -5*s(x) + v(x). Let i(p) = 5*p + 70. Let y be i(-14). Is w(y) composite?
True
Let u be (-44)/(-33) + 13/(-3). Let p = 11 + u. Suppose -14216 = -p*s - 0*s. Is s a composite number?
False
Suppose 402*s - 179708 = 398*s. Is s composite?
False
Suppose -3*c = -2*d - 12 + 26, -3*d + 5*c + 23 = 0. Let n(a) = 10051*a**2 - 4*a + 2. Is n(d) a prime number?
False
Is 11 - ((13 - 9) + -29262) a prime number?
True
Suppose -u - 24782 = -127903. Is u a composite number?
True
Let z(o) = o**3 + 59*o**2 - 150*o + 397. Is z(-50) a composite number?
True
Suppose b + 98170 = 27*b - 174336. Is b prime?
False
Is 6 + ((-2)/4)/1*(-859124 + -290) a composit